Let y(r) = x*z(r) + d(r). Determine y(h).
5
Let p(j) be the first derivative of j**3/3 - 9*j**2/2 + 7*j + 8. Give p(6).
-11
Let o = -8 + 5. Let g be -2 - (-2)/3*o. Let x(h) be the first derivative of h**4/4 + 5*h**3/3 + 5*h**2/2 + 4*h + 1. Calculate x(g).
0
Let s(y) = y**3 + y**2 - y - 1. Let k = 59 - 59. Suppose -n + 4*n = 0. Let j = k + n. Calculate s(j).
-1
Let i(w) = 2*w - 1. Let u(y) = 5*y - 7. Let n(a) = 2*i(a) - u(a). Determine n(5).
0
Suppose 0 = 2*c + 5 - 1. Let b(q) = -6*q + 3. Let g(p) = 19*p - 10. Let u(i) = c*g(i) - 7*b(i). Determine u(-1).
-5
Suppose 10 = -5*s - 0*s. Let m = s - -6. Let v = m + -9. Let u(p) = p**2 + 4*p - 4. Give u(v).
1
Let x(j) be the second derivative of j**5/60 + j**4/4 + j**3/3 - j**2 + 6*j. Let t(r) be the first derivative of x(r). What is t(-5)?
-3
Let b be 2 + 2/1 + -8. Let a(r) = 1 - 612*r + 2 - 3 - 5 + 610*r. Give a(b).
3
Let w(r) = r - 2. Let z be w(4). Suppose -3*t = -12, -t = -2*j + z*t - 4. Let h(n) = 0*n + 129 - 5*n - 126 + 4*n. Calculate h(j).
-1
Let l(s) = s**3 + 5*s**2 - 4*s + 1. Suppose -13*x + 16*x + 18 = 0. Calculate l(x).
-11
Let n(u) be the first derivative of -u**4/4 + 7*u**3/3 - 5*u**2 + 6*u + 9. Give n(6).
-18
Let m(s) = s**3 + 3*s**2 - 6*s - 4. Let y be ((-16)/6 + 2)*6. Calculate m(y).
4
Let b(r) = r**2 + 4*r + 1. Let u(f) = -f**2 + 5*f - 1. Let v be u(4). Suppose -g + v*g = 4*d + 14, g - 1 = -4*d. Let y be (0 + 1)*d*4. Calculate b(y).
1
Let z(n) = -5*n - 9. Let v(a) = -3*a - 5. Let r(g) = -11*v(g) + 6*z(g). Give r(-4).
-11
Let g(i) = 17*i**2 + 2*i + 1. Let y be g(-1). Suppose -4*h + y = 3*n - 0, 0 = -5*n - 20. Let q(t) = h*t + 2*t - 6*t. Determine q(2).
6
Suppose m + 6 + 9 = 5*o, -o - m = 3. Let c be (5/o)/(-5)*0. Let n(f) = f**3 + f**2 + f + 1. What is n(c)?
1
Let h(u) be the second derivative of -u**5/20 + u**3/6 + u**2 - 7*u. Suppose -2*a = a - 6. Determine h(a).
-4
Let u = -6 - -10. Suppose 4*d - u = 8. Let g(l) be the first derivative of l**2 - l - 2. Give g(d).
5
Let h(j) = j**3 + 3*j**2 + j + 2. Let q be h(-3). Let r(z) = 4*z**2 + 1. Determine r(q).
5
Let h(r) = 5*r - 4. Let a(l) = l**3 + 5*l**2 - 17*l - 17. Let d be a(-7). Determine h(d).
16
Let b = -13 - -10. Suppose -5*w - 31 = 4*a + 20, -w = -3*a - 5. Let i = b - w. Let p(g) = g**2 - 2*g - 4. Determine p(i).
4
Let b(a) = a**2 + 5. Suppose -o - 6*n - 17 = -5*n, 3*n = 3*o + 27. Let u = o + 13. Calculate b(u).
5
Let y(c) = -c**2 + 6*c. Let t = 31 + -26. Determine y(t).
5
Suppose 2*q - 15 = -q. Suppose 0 = p + c - 2, 1 = 3*p + q*c - 3. Let k(b) = -3 - b - p*b + b + 2. Determine k(2).
-7
Let t(o) = o - 7. Let f(x) = -2*x + 15. Let r(j) = 6*f(j) + 13*t(j). Let w be 6/(-9) - (-28)/6. Let h(n) = n - 2. Let m be h(w). Calculate r(m).
1
Let i be (-2 + 7)*(2 + -3). Let s(b) = b**2 + 5*b - 4. Give s(i).
-4
Let t(y) = 24*y + 46. Let k(j) = 4*j + 8. Let l(f) = -34*k(f) + 6*t(f). Give l(3).
28
Let h be (3 - 1)*6/(-4). Let z be (-69)/(-21) - 2/7. Let v(r) = z + 7 - 4 + r. What is v(h)?
3
Let m(l) = -l**3 - 3*l**2 + 3*l - 2. Let b(f) = -f**3 - 4*f**2 + 4*f - 2. Let y(x) = 2*b(x) - 3*m(x). Determine y(0).
2
Let b be (-4)/(-5)*40/16. Let y = 3 + -1. Let f(h) = -2*h + 2*h**y - 3 + b - 3. Give f(3).
8
Let z(q) = 6*q**3 + 54 + 2*q**2 - 5*q**3 + 52 - 106 + q. Let r = 0 - 1. Determine z(r).
0
Let l(v) = -4*v - 4. Let u = -10 - -8. Let z be l(u). Let c(h) be the second derivative of -h**4/12 + 5*h**3/6 - h**2/2 + h. Give c(z).
3
Let v = 23 - 12. Let f(g) = g**3 + 4*g + 7 - 2*g - v - 5*g**2. Let c be 1*2*(-10)/(-4). Calculate f(c).
6
Let w(i) be the third derivative of i**5/60 + i**4/12 + i**3/2 - 31*i**2. Calculate w(-4).
11
Let x(y) = -3*y**3 - 22*y**2 + 19*y + 9. Let l(k) = k**3 + 7*k**2 - 6*k - 3. Let m(i) = 7*l(i) + 2*x(i). Determine m(-6).
-15
Let d(s) = 3*s**2 + 2*s + 1. Let k be -3*(4/3 + -1). What is d(k)?
2
Let a(c) be the second derivative of -c**4/12 + c**3/6 - c**2/2 + 22*c. Determine a(-2).
-7
Suppose 4*u = -3*z + 27, -4*u + 16 = 5*z - 21. Let n(b) = 2*b + u*b - 6*b. Give n(-6).
6
Let k(h) = -h**2 + 13*h + 4. Let a be k(13). Let t(x) = x**3 - 5*x**2 + 1. Give t(a).
-15
Let f(x) = x + 1. Let z be (-2)/(-8) - (-867)/68. Suppose 2*i - 10 = -2*d, 2*d + 3*i = d + z. What is f(d)?
2
Let g(c) be the second derivative of -c**5/20 + 7*c**4/12 - 4*c**3/3 + 3*c**2 - c. Suppose 6*q = 3*q + 36. Suppose 4*w + q = 6*w. Give g(w).
-6
Suppose m - 27 = 4*o, -4*o - 5*m + 3*m = 18. Let h = o + 6. Let k(y) = h*y - 1 - 5 - 1 + 2*y. Determine k(6).
5
Let c(m) be the third derivative of m**6/120 - m**5/60 + 5*m**3/3 + m**2. Let t = 215 - 215. Calculate c(t).
10
Let q(y) = -2*y**2 - 2*y + 1. Let b(a) = 2*a**3 + a**2 - 2*a + 1. Suppose 2*n - n - 1 = 0. Let c be b(n). What is q(c)?
-11
Let m(j) = 5*j**3 - 4*j**2 - 8*j + 7. Let o(s) = 4*s**3 - 4*s**2 - 7*s + 6. Let k(u) = -5*m(u) + 6*o(u). What is k(-4)?
9
Let k(y) = 4*y**2 - 6*y + 2. Suppose -2*i + 4 = 0, -g - i = 2 + 3. Let z(w) = 5 + 21*w - 22*w + 9*w**2 - 12*w. Let b(l) = g*k(l) + 3*z(l). Give b(5).
-9
Let o(a) = a + 2. Let r = -11 + 8. Calculate o(r).
-1
Let u(w) = w**2 - 7*w - 1. Let h(g) = -g + 1. Let q be h(-1). Suppose -12 = -2*c - q. What is u(c)?
-11
Let b(h) = -h - 1. Let y(f) = -5*f + 5. Let j(u) = -4*b(u) + y(u). Determine j(7).
2
Let r(s) = -4*s - 17. Let c be r(-4). Let p(i) be the second derivative of i**5/20 + i**2/2 + 2*i. Calculate p(c).
0
Let o(n) be the first derivative of -n**4/4 + n**2/2 - 6*n - 1. Let x(u) be the first derivative of -u**3/3 - 5*u**2/2 - 4*u + 3. Let q be x(-4). What is o(q)?
-6
Let c(h) = h**2 - 4*h - 7. Suppose -i + 10 = 7. Suppose 4*p - 3*r - 33 = 0, i*r + 27 = -p + 4*p. Give c(p).
5
Let b be (-1 - -1)/(2/(-4)*4). Let g(a) = a + 3. Calculate g(b).
3
Suppose 0 = 4*k - 2*k. Suppose 4*i - 5*y - 16 - 17 = k, 14 = 2*i - 2*y. Let l(f) = 2*f**2 + f - 3*f**2 - i*f**3 + f - 1. Determine l(-2).
7
Let k = -5 - -6. Let m(u) = u**2 + 7*u**3 - 3*u**2 + 0 + 1. What is m(k)?
6
Suppose 2*s - 3*s = 4*n - 8, -5*n = s - 8. Let j(b) = -b**2 - 14 + 7 + s. What is j(-2)?
-3
Let a(t) be the second derivative of -t**3/3 - 5*t**2/2 + t. Let b be a(-4). Let c(x) = 3*x + 1 + 0*x**3 - x**3 - 3 + 2*x**2. Calculate c(b).
-2
Let z(y) = 6 - 6 - 7*y - y**3 - 6*y**2. Let c be 3/((-6)/(-4)) + -7. Determine z(c).
10
Let f(s) = s**2 - 5*s + 3. Let z = -105 + 107. Determine f(z).
-3
Let v(k) = 5*k - 6. Let f(r) = 4*r - 5. Let c(o) = -4*f(o) + 3*v(o). What is c(-6)?
8
Let x(f) be the third derivative of f**5/30 - f**4/12 - 2*f**3/3 + f**2. Suppose -2*s = o + 2*o - 8, -s + 4 = -3*o. Suppose o = c + 4*c - 15. What is x(c)?
8
Let s(l) = -l - 1 + 9*l + l**2 - 2*l. Determine s(-6).
-1
Let h(a) = a**2 + 9*a - 13. Let n = -39 - -29. Give h(n).
-3
Let c = -5 + 10. Suppose -3 - 9 = -4*w - 2*b, 3*w + 2*b = 8. Let x = w - c. Let q(p) = 4*p**3 - 2*p**2 + 1. What is q(x)?
-5
Let c = 14 - 8. Let u(s) = s**2 - 5*s. Determine u(c).
6
Let i(q) = 4*q - 7*q - 22*q**2 + 7*q**2 - 1 + q. Calculate i(-1).
-14
Let k(t) = 2*t - 6. Let h be (-3)/6*-30*-1. Let v = -9 - h. What is k(v)?
6
Suppose 0*k + 5*k + 12 = 4*i, -2*i + 3*k = -8. Let r(w) = w**3 + 3*w**2 - w - 2. Determine r(i).
4
Let j(o) = -3*o**3 - 10*o**2 + 13*o - 5. Let h(l) = -l**3 - 5*l**2 + 6*l - 3. Let i(c) = 5*h(c) - 2*j(c). Let a be 243/63 + (-1)/(-7). Calculate i(a).
-5
Let x(b) = 3*b**3 - 5*b**2 + b - 2. Let l(r) = 2*r**3 - 4*r**2 + r - 1. Let q(h) = -5*l(h) + 4*x(h). Let d(j) be the first derivative of q(j). What is d(-1)?
5
Let h(j) = j**3 + 3*j**2 - 3*j + 1. Suppose 3*i - 5 = 7. Suppose -5*x + 3*s + 5 = -2*s, 5*s + 7 = i*x. Let y be -2*x/3*-3. Calculate h(y).
-3
Let x(y) = -7*y**3 + 8 + 6*y**3 + y**2 + 0*y**2. Let g(s) be the second derivative of -s**5/20 - s**4/3 + s**3 + 5*s**2/2 - s. Let r be g(-5). Calculate x(r).
8
Let g(z) = z + 1. Let x be (2 + -1)*0 + 0. Suppose x = -5*j + j. Suppose -3*d + j*d = -12. Determine g(d).
5
Let k(n) = 3*n**2 + 3*n + 5*n**3 - 4*n**3 - 2*n**3 + 4. Suppose 0 = 3*x - c - 10, 4 + 2 = -x - 2*c. Let u = 6 - x. Give k(u).
0
Suppose 5*t - 55 = 3*m, -3*t - 2*t - 4*m = -90. Let o(x) = x**2 - 15*x + 15. Calculate o(t).
1
Let x(i) = -4*i - 12. Let r(o) = 5*o + 12. Let a(y) = -3*r(y) - 4*x(y). Let u(v) = -2*v + 0*v + 0*v + 7. Let t be u(6). What is a(t)?
7
Let d be 3/(-1) + (6 - 3). Let r(n) be the first derivative of 1/3*n**3 + 2 + 1/4*n*